*w + 57. Let r be m(u). Calculate the highest common divisor of 20 and r.
5
Suppose -24*l = -26*l + 174. Calculate the highest common divisor of l and 348.
87
Let f be ((-5)/4)/(27/(-108))*31. What is the greatest common divisor of f and 1643?
31
Suppose -2*h = t - 108, 0*h = -t + 4*h + 102. Suppose 0 = -t*y + 113*y - 56. Suppose 4*n - 5 = 11. Calculate the highest common divisor of n and y.
4
Let z(u) = -u**3 + 10*u**2 + 22*u + 23. Let n(v) = -v**2 + 9*v - 9. Let k be n(5). Let w be z(k). Calculate the greatest common factor of 16 and w.
16
Suppose 9*q - 71 = 1. Suppose 0*u = 2*u. Suppose 4*z - 3*r - r + 12 = u, 4*z - q = -r. Calculate the highest common divisor of z and 1.
1
Let s(v) be the first derivative of v**4/4 - 18. Let k be s(0). Suppose 3*j + 2*p + k*p = 144, 3*p - 144 = -3*j. What is the greatest common factor of j and 16?
16
Suppose -5*a + p + 3*p + 142 = 0, 110 = 4*a - 5*p. Let h(j) = -8*j**3 + 87*j**2 + 14*j - 21. Let t be h(11). What is the greatest common divisor of a and t?
6
Let k be (-566)/(-10) + 2/5. Let y(m) = m - 91*m**3 + 2*m - 4*m**2 + 97*m**3. Let l be y(2). What is the greatest common factor of l and k?
19
Let y(h) = h**2 + 63*h + 905. Let a be y(-22). What is the greatest common divisor of 1008 and a?
3
Suppose 10 = -2*u, -5*n - 265 = -6*n + 3*u. Let h = n + -194. What is the greatest common divisor of 154 and h?
14
Let b be 10/((-20)/(-3866)) - (-9 - -5). What is the greatest common divisor of 26 and b?
13
Let t(l) be the second derivative of -l**5/20 + 11*l**4/12 + l**3/2 + 8*l**2 + 40*l + 1. Let s be t(11). Calculate the greatest common divisor of s and 49.
49
Let y be 2500/7 + (-3 - (-80)/28). Suppose -43*w + 164 + 567 = 0. What is the highest common divisor of w and y?
17
Let t = -240 - -307. Suppose a + t = 70. Let g be 2/8 + (-7)/(-4). What is the highest common divisor of a and g?
1
Suppose 13 - 43 = -5*q. Let h = -481 + 284. Let m = h - -221. Calculate the greatest common factor of q and m.
6
Suppose 73*f - 77*f = -336. Suppose 0 = 91*p - 97*p + 360. Calculate the greatest common factor of p and f.
12
Suppose -4*n + 16338 = -5*j - 35834, -26124 = -2*n - 7*j. Calculate the highest common factor of n and 56.
56
Suppose -5*l = 4*n - 72, -n + 3*l = -11 + 10. What is the highest common divisor of n and 1651?
13
Suppose -3*h = -8*h + 20. Suppose -h*x - 2*x + 18 = 0. Suppose -4*r + 5*r = 2*m + 13, -4*r - x*m = -41. What is the highest common divisor of r and 88?
11
Let l = -100 - -584. Let y = -328 + l. Calculate the greatest common divisor of y and 12.
12
Suppose 119*b - 18156 = 30*b. Suppose 71 = 4*p - 5*f - 2, 0 = -3*p - 4*f + 16. Calculate the highest common factor of b and p.
12
Let m be 24/15 + -1 - (-528)/120. Suppose -84 - 1000 = -4*n + 2*v, 2*v = -m*n + 1346. Calculate the highest common factor of 18 and n.
18
Let c be (1089/(-27))/(-11) - 10/6. Let t(s) = 49*s**2 + 3*s + 3. Let v be t(c). What is the greatest common factor of 82 and v?
41
Let w(s) = -s**3 + 56*s**2 - 295*s + 1. Let n be w(6). Let o be 8/6*93/2. Calculate the highest common factor of o and n.
31
Suppose 0*u = 20*u - 15*u - 25190. What is the greatest common divisor of u and 22?
22
Let b = 590 - 270. What is the highest common factor of b and 10?
10
Suppose -5 + 17 = 3*b. Suppose 6*i = 25*i - 2907. Let m = -109 + i. Calculate the greatest common factor of m and b.
4
Let i be (-30)/(-42) + 4/14. Let a be (-4)/(-28)*0 + 104*i. What is the greatest common divisor of a and 32?
8
Suppose z - 3*m = 29, z - 4 = -2*m - 0. Calculate the greatest common factor of z and 2674.
14
Suppose 4*x - y - 101 = 0, 2*y = -5*x + 6*y + 140. What is the highest common factor of 1932 and x?
12
Suppose 28987 = w + 2*w + 4*w. What is the highest common divisor of w and 101?
101
Let r = 1210 - 847. Let n = r - 48. Calculate the greatest common factor of 15 and n.
15
Suppose 14066 - 2829 = 2*t + 5*a, 4*a = -12. What is the highest common divisor of t and 116?
58
Let s be (-2*(-3)/9)/((-1)/(-12)). Let o be (5/(-4))/(1 - 10/s). Suppose o*t = 9*t - 300. What is the highest common factor of 25 and t?
25
Let j be (-10)/(-65) + (-24)/(-13). Suppose 0 = 2*n + 5*s - 106, 12 - 142 = -j*n + s. Suppose n*l - 60*l = 33. What is the highest common factor of l and 176?
11
Let r = 937 + -1729. Let n be (-4)/26 - r/78. What is the greatest common divisor of 40 and n?
10
Let i be 3/2*7/((-21)/86). Let a = i - -54. What is the highest common factor of 198 and a?
11
Let m be 28/70 - (1 + 66/(-10)). Let q be 21/(1 - m/24). Calculate the highest common factor of q and 175.
7
Let d = 55 + -59. Let p be ((-1)/(d/(-6)))/((-18)/36). Suppose 0 = -p*u + 27 + 30. What is the greatest common factor of 38 and u?
19
Let q = -21 + 30. Let v = -52697 - -52701. What is the highest common factor of q and v?
1
Suppose 6*n + 18 = 15*n. Suppose 4*v = n*y - 22, 3*v = 4*y + v - 20. Suppose y*w - 31 - 11 = 0. What is the highest common divisor of w and 2?
2
Suppose 19*j - 18840 = 2459. What is the highest common divisor of j and 767?
59
Let d be (9/(-15))/(2/(-10)) - 3. Suppose -4*c = -12, d = -2*z - 8*c + 6*c + 62. Calculate the highest common factor of z and 12.
4
Let q(h) be the second derivative of 0*h**2 - 34*h + 1/6*h**3 + 0. Let v be q(8). What is the highest common divisor of 1 and v?
1
Let w(u) = -u**3 + 33. Let t(f) = -f**3 - 15*f**2 - 16*f - 28. Let i be t(-14). Let g be w(i). Calculate the greatest common divisor of 264 and g.
33
Suppose 5*g = 4*x + 7244, 2*g - 2254 - 694 = -4*x. What is the greatest common factor of g and 196?
28
Suppose v = 8*v - 35. Suppose -3*x = 2*u - 5*u + 6, -2*x - v*u - 11 = 0. Let l be (x + 0 + 4)/((-2)/(-24)). Calculate the greatest common divisor of 6 and l.
6
Let d be ((-5588)/1270)/(2/5 - 0). Let q(r) = -r**2 - 9*r + 74. Let x be q(d). Calculate the greatest common divisor of x and 3.
1
Let o(q) = q**2 - 27. Let i be o(-5). Let p be ((-48)/96)/(i/164). What is the highest common factor of 369 and p?
41
Suppose -108 = -4*l - 4*f, 0 = -515*f + 512*f - 21. What is the greatest common factor of 2839 and l?
17
Suppose -620 - 3241 = -13*m. What is the greatest common divisor of m and 162?
27
Let c = 47 - 254. Let b = -205 - c. Calculate the greatest common divisor of 56 and b.
2
Let a be (68/(-13))/((-180)/1170). What is the highest common divisor of 391 and a?
17
Suppose 0 = -34*b + 37*b - 726. Calculate the greatest common divisor of 286 and b.
22
Suppose -2*z + 0*z + 5*j = -38, 2*z = 2*j + 26. Suppose -z*o + 13*o = 132. Calculate the highest common factor of o and 44.
11
Suppose -5*h = 5*g - 955, -13*g = -3*h - 9*g + 545. What is the highest common factor of 15521 and h?
187
Suppose 393*z + 416*z + 76 = 828*z. Let i = -56 - -156. What is the greatest common factor of z and i?
4
Suppose -12*q - 137 = -353. Let d be 2*2/q - (-13459)/387. Calculate the greatest common factor of d and 245.
35
Suppose 0*l - 558 = -31*l. Let n be (-12)/(-54) + ((-19568)/l)/(-4). What is the highest common divisor of n and 16?
16
Let s be -1*(1 + 26 + 2). Let u = s - -33. Suppose 3*j = 6*j - 15, -u*t + 88 = -4*j. Calculate the highest common factor of t and 9.
9
Let s(p) = -p**3 + 18*p**2 + 142*p + 50. Let t be s(-15). Calculate the greatest common divisor of t and 5.
5
Let q be (-2*(-1 + 3))/((-2)/8). Let y = 4 - -6. Suppose y + 2 = x. Calculate the greatest common factor of q and x.
4
Let h(a) = -a**2 - 3*a + 1331. Let y be h(-38). Calculate the highest common factor of y and 172.
1
Let t = -29 - -104. Let g = t + -70. Let c(w) = -17*w - 6. Let o be c(-3). Calculate the greatest common factor of o and g.
5
Suppose -4*b = -2*b - 4*u - 978, -5*u = -3*b + 1470. Suppose -4*z + c + b = 0, -3*z + 163 = -2*c - 202. Calculate the greatest common divisor of z and 50.
25
Let r be 6/33 + (-185)/(-11). Let o = 23 - r. Suppose 0 = 5*f - o*f + 8. What is the greatest common factor of 56 and f?
8
Let t(p) be the second derivative of p**3/2 - 9*p**2 - 42*p. Let a be t(10). What is the greatest common divisor of 120 and a?
12
Let w be (-4)/(-10) - ((-34095)/(-25))/(-3). Suppose 5*l - 120 = -4*m, 8*l = -5*m + 5*l + 163. Calculate the highest common factor of m and w.
35
Let k be 48/456 + 321/19. What is the highest common factor of 527 and k?
17
Let u(l) = 3 - 5 + 0 + 0 + 8*l**3. Let s be u(1). Suppose 